False
Does 54 divide 392917?
False
Is 36 a factor of 50436?
True
Is 2 a factor of 88904?
True
Is 353430 a multiple of 102?
True
Is 3906201 a multiple of 345?
False
Is 244950 a multiple of 13?
False
Is 8 a factor of 1393400?
True
Is 1277223 a multiple of 24?
False
Is 71 a factor of 3771362?
False
Does 319 divide 506267?
False
Is 557398 a multiple of 88?
False
Is 35 a factor of 77539?
False
Does 10 divide 3609030?
True
Is 23599 a multiple of 2?
False
Is 31552 a multiple of 16?
True
Is 220 a factor of 2695?
False
Does 100 divide 32500?
True
Is 85 a factor of 2489905?
True
Is 2653602 a multiple of 469?
True
Is 2194530 a multiple of 10?
True
Is 5 a factor of 70357?
False
Is 6154478 a multiple of 37?
False
Is 20 a factor of 2442745?
False
Is 6101955 a multiple of 20?
False
Is 98691 a multiple of 67?
True
Is 92700 a multiple of 75?
True
Is 148200 a multiple of 130?
True
Does 443 divide 487743?
True
Is 106 a factor of 3045592?
True
Does 29 divide 99151?
True
Does 13 divide 2885883?
True
Does 43 divide 8523632?
True
Is 18 a factor of 1570334?
False
Does 27 divide 372087?
True
Does 140 divide 5022027?
False
Is 27 a factor of 102234?
False
Is 7174281 a multiple of 12?
False
Is 128024 a multiple of 151?
False
Is 3246719 a multiple of 1033?
True
Is 87 a factor of 2229704?
False
Does 41 divide 263876?
True
Is 38 a factor of 2662637?
False
Is 5681570 a multiple of 323?
True
Is 3 a factor of 394656?
True
Does 13 divide 1341938?
True
Is 16 a factor of 20878080?
True
Is 372 a factor of 2322396?
True
Does 95 divide 124450?
True
Is 194 a factor of 253752?
True
Is 15830770 a multiple of 1115?
True
Is 8820 a multiple of 90?
True
Is 50 a factor of 4689050?
True
Is 47 a factor of 23762?
False
Does 248 divide 1076697?
False
Does 10 divide 1775694?
False
Is 153120 a multiple of 5?
True
Is 1526 a factor of 26906945?
False
Is 21 a factor of 937713?
True
Does 1044 divide 1651608?
True
Is 834216 a multiple of 12?
True
Is 24958 a multiple of 16?
False
Does 1050 divide 11627725?
False
Is 115 a factor of 59349?
False
Is 1062674 a multiple of 38?
False
Is 475975 a multiple of 395?
True
Does 63 divide 58086?
True
Is 45 a factor of 709600?
False
Does 18 divide 102787?
False
Is 10 a factor of 33580?
True
Is 1901931 a multiple of 86?
False
Is 2828000 a multiple of 140?
True
Is 3473625 a multiple of 885?
True
Does 24 divide 297168?
True
Is 15 a factor of 41280?
True
Is 32437196 a multiple of 1276?
True
Is 23 a factor of 601749?
True
Is 8 a factor of 14884?
False
Is 2598778 a multiple of 26?
True
Does 437 divide 8557542?
False
Does 3 divide 4293?
True
Does 111 divide 4936634?
False
Does 118 divide 1907706?
True
Is 211 a factor of 48256?
False
Does 59 divide 23189?
False
Is 13857 a multiple of 6?
False
Does 124 divide 12400?
True
Is 160 a factor of 5613483?
False
Is 38941 a multiple of 3?
False
Is 24 a factor of 1751776?
False
Does 691 divide 5476175?
True
Is 876001 a multiple of 161?
True
Is 132076 a multiple of 28?
True
Is 36 a factor of 13677720?
False
Is 90 a factor of 395370?
True
Is 567 a factor of 53298?
True
Does 805 divide 13032109?
False
Is 202888 a multiple of 2154?
False
Is 93 a factor of 907122?
True
Is 763308 a multiple of 468?
True
Is 30043 a multiple of 13?
True
Is 11 a factor of 6504242?
False
Does 9 divide 34893?
True
Is 40430 a multiple of 5?
True
Is 4 a factor of 14882?
False
Does 40 divide 212533?
False
Does 4 divide 428808?
True
Is 13 a factor of 861952?
True
Does 67 divide 94830?
False
Is 7719505 a multiple of 251?
True
Is 66924 a multiple of 44?
True
Does 39 divide 6739551?
True
Is 58 a factor of 644380?
True
Does 171 divide 876483?
False
Is 1333371 a multiple of 49?
False
Does 101 divide 96324?
False
Is 190612 a multiple of 54?
False
Is 47147 a multiple of 6?
False
Does 32 divide 104622?
False
Is 14443312 a multiple of 13?
True
Is 305 a factor of 4446256?
False
Does 13 divide 673543?
True
Is 7 a factor of 2253565?
False
Does 3 divide 5134?
False
Is 10739628 a multiple of 107?
False
Is 22 a factor of 120078?
False
Is 258 a factor of 1225500?
True
Is 78360 a multiple of 17?
False
Is 12231 a multiple of 15?
False
Is 1075 a factor of 4180299?
False
Is 197 a factor of 1771227?
True
Does 12 divide 3700620?
True
Is 5 a factor of 281515?
True
Does 63 divide 193347?
True
Is 17688 a multiple of 318?
False
Is 2130 a factor of 6601795?
False
Does 162 divide 70228?
False
Is 33 a factor of 1048647?
False
Is 2405574 a multiple of 9?
True
Does 246 divide 25090524?
True
Does 68 divide 58531?
False
Does 20 divide 4508620?
True
Is 21 a factor of 868875?
True
Is 1397941 a multiple of 10?
False
Is 18797 a multiple of 11?
False
Does 3 divide 502640?
False
Does 11 divide 47301?
False
Is 17 a factor of 235840?
False
Is 5 a factor of 10832290?
True
Is 13722588 a multiple of 1188?
True
Does 3 divide 97967?
False
Does 102 divide 311202?
True
Does 5 divide 2424449?
False
Is 64 a factor of 261192?
False
Does 21 divide 288498?
True
Is 75 a factor of 4350975?
True
Is 21 a factor of 1035174?
True
Is 6947499 a multiple of 536?
False
Does 383 divide 479133?
True
Is 139591 a multiple of 202?
False
Is 141 a factor of 46248?
True
Does 40 divide 57760?
True
Is 42955379 a multiple of 11?
False
Does 226 divide 2118977?
False
Does 6 divide 125811?
False
Is 59 a factor of 1448447?
False
Does 172 divide 24780?
False
Does 14 divide 1470?
True
Is 2359 a multiple of 3?
False
Is 28 a factor of 1786092?
True
Does 333 divide 3510351?
False
Is 8853516 a multiple of 54?
True
Does 12 divide 476796?
True
Is 477 a factor of 198432?
True
Is 651050 a multiple of 29?
True
Is 9 a factor of 67905?
True
Does 25 divide 36849?
False
Is 152 a factor of 115114?
False
Does 23 divide 245617?
True
Is 24 a factor of 4321464?
True
Is 13083 a multiple of 22?
False
Is 55671 a multiple of 109?
False
Does 32 divide 4206351?
False
Is 85 a factor of 8823425?
True
Is 3358395 a multiple of 15?
True
Is 36000504 a multiple of 40?
False
Is 88 a factor of 92136?
True
Is 180900 a multiple of 108?
True
Is 14 a factor of 116368?
True
Is 17 a factor of 544633?
False
Is 224456 a multiple of 183?
False
Is 11676539 a multiple of 1387?
False
Does 33 divide 147246?
True
Is 1075578 a multiple of 42?
True
Is 504 a factor of 769412?
False
Is 185 a factor of 51924?
False
Is 15533 a multiple of 49?
True
Does 390 divide 127920?
True
Is 35308 a multiple of 4?
True
Is 12656078 a multiple of 128?
False
Is 39 a factor of 121493?
False
Is 292230 a multiple of 306?
True
Is 92591 a multiple of 89?
False
Is 96 a factor of 841604?
False
Is 2125868 a multiple of 353?
False
Does 126 divide 404525?
False
Does 1001 divide 19595682?
False
Does 208 divide 21675?
False
Is 2 a factor of 6848?
True
Is 274 a factor of 1366260?
False
Does 39 divide 54795?
True
Does 10 divide 2678410?
True
Is 137 a factor of 1579336?
True
Is 382216 a multiple of 10?
False
Is 36 a factor of 27102?
False
Is 177 a factor of 26620?
False
Does 4 divide 3745040?
True
Does 13 divide 20046?
True
Is 145 a factor of 188065?
True
Is 27 a factor of 166077?
True
Does 391 divide 795294?
True
Is 343 a factor of 32242?
True
Is 65 a factor of 19163105?
True
Is 39 a factor of 278736?
False
Is 4 a factor of 5401?
False
Is 12812717 a multiple of 11?
False
Is 111 a factor of 5990892?
True
Does 11 divide 12717960?
False
Does 631 divide 8211151?
False
Is 12237750 a multiple of 290?
False
Is 233 a factor of 6642651?
False
Does 27 divide 6757803?
True
Is 304 a factor of 491264?
True
Is 18 a factor of 31261?
False
Is 87 a factor of 558376?
False
Is 5496549 a multiple of 1252?
False
Is 177308 a multiple of 19?
True
Is 569332 a multiple of 9?
False
Is 681668 a multiple of 52?
True
Does 106 divide 759066?
True
Is 23 a factor of 147729?
True
Is 40404 a multiple of 91?
True
Is 973 a factor of 345789?
False
Is 6 a factor of 1665822?
True
Does 8 divide 3528?
True
Does 867 divide 990981?
True
Does 20 divide 91894?
False
Does 13 divide 137371?
True
Is 621210 a multiple of 19?
False
Is 491 a factor of 114198?
False
Is 16 a factor of 211424?
True
Does 19 divide 798?
True
Does 138 divide 508668?
True
Is 472758 a multiple of 114?
True
Is 84 a factor of 32088?
True
Does 265 divide 279465?
False
Is 136 a factor of 272544?
True
Is 259 a factor of 1329352?
False
Is 3619161 a multiple of 289?
False
Does 3 divide 59346?
True
Is 1